 Let u = z + 17. What is the units digit of u?
9
Let a be (-4)/10 - 36/(-15). Let b(y) = -y - 1 + y**2 - 7*y - y**2 - y**a. What is the units digit of b(-7)?
6
Suppose 2*r - 96 = -3*f, 4*f + 6*r - 128 = 2*r. What is the units digit of f?
2
Let p(c) = 19*c**3 + 3*c**2 - c - 1. Let f(j) = j**3 - j**2 + j. Let s(t) = 3*f(t) + p(t). What is the tens digit of s(1)?
2
Suppose 4*q = t + 22, -2*q - 2*q - 5*t + 10 = 0. Suppose -29 = q*x - 5*o - 189, 3*x = 5*o + 106. What is the tens digit of x?
2
Let r be 0*(15/6)/5. Suppose -k - k = r. Suppose k = -5*z - 4*s + 80, z - 5*s = 3*z - 49. What is the units digit of z?
2
Suppose 2*h - 4*g - 75 = -g, -h - g + 25 = 0. Let j be (h/18)/((-1)/(-3)). Suppose -j*n = 3*d - d - 65, 4*n = 5*d + 19. What is the tens digit of n?
1
Let m(h) = -h + 3. Let p be m(3). Suppose 7 - 3 = v. Suppose -t + 2*n - 3*n - 2 = p, 2*n = -v*t. What is the units digit of t?
2
Suppose -5*z = -3*l + l + 211, -3*z = 5*l + 139. What is the tens digit of (1 + -1 + -1)*z?
4
Let v(c) = -5*c + 1. Let o(p) = 6*p - 1. Let d(t) = 4*o(t) + 5*v(t). Let u be d(1). Suppose u = -3*h - 1 + 19. What is the units digit of h?
6
Suppose -4*c + 145 - 369 = 0. Let a(z) = z + 7. Let k be a(-10). What is the units digit of c/(-6) + k/9?
9
Suppose -52 = -4*l - 0*l - 2*v, 4*l - 52 = -5*v. What is the units digit of l?
3
Let k(z) be the second derivative of -z**3/6 + 11*z**2/2 - z. What is the units digit of k(6)?
5
Suppose 14 = -3*c + c. Let m = c - -27. What is the units digit of (7/4)/(5/m)?
7
Let j = -9 - -2. Suppose 0 = -2*r - r + 54. Let x = r + j. What is the units digit of x?
1
Let m = 23 + 6. What is the tens digit of m?
2
Suppose -2*y = y - 3. Let u = y - -8. What is the units digit of u?
9
Let o(g) = g**2 - 10*g + 13. Let u be o(9). Suppose w - 23 = 4*l - l, -37 = -u*w + l. What is the tens digit of ((-4)/w)/((-1)/26)?
1
Let l = -39 + 46. What is the units digit of l?
7
Suppose 2*n = 2*w + 30, -w - 10 = 4*n - 60. Let g = -1 + -3. Let d = n + g. What is the units digit of d?
9
Let b = 0 + -2. What is the units digit of (-10)/b*24/20?
6
What is the tens digit of ((-23)/4)/(-3*(-3)/(-108))?
6
Let h = -3 + 1. What is the units digit of h - (3 + -9 - -1)?
3
Suppose -13 - 8 = 3*h. What is the units digit of (-2)/h - (-340)/35?
0
Suppose -p = -5*j + 22, 0*p + p = -2. Suppose -v = 3*k - 14, -30 = -j*v + 3*k - 2*k. What is the units digit of v?
8
Suppose 0*k + 72 = 2*k. What is the units digit of k?
6
Let n(l) = -5*l - 1. Let k(c) = c**2 - 8*c - 13. Let y be k(9). Let r be n(y). Suppose 4*j = -r + 51. What is the units digit of j?
8
Let c(m) = 4*m - 4. Let r be c(3). Suppose 0*l - 4*h = -l - 25, 3*h - 15 = 0. What is the units digit of l/20 + 50/r?
6
Suppose 7*u - 8*u + 9 = 0. What is the units digit of u?
9
Let u(p) = p**3 - 9*p**2 - 9*p - 8. Let c be u(10). Suppose -2*i = -2*q - 28, 2*i = 7*i - c*q - 70. What is the tens digit of i?
1
Let l be -7 + (0/(-2) - -1). Let y(d) = -d**3 - 6*d**2 - 4*d - 8. What is the tens digit of y(l)?
1
Let m(t) = -t**3 - 5*t**2 + 7*t - 1. Let r be m(-6). Let p = r - -10. Suppose 3*d - 3 = -3*v, 4*d + p*v - 2*v = 16. What is the units digit of d?
5
Suppose z = 5*z - 496. What is the tens digit of z?
2
Let q = 83 - 144. Let j = q - -107. What is the tens digit of j?
4
Let v be ((-12)/9)/((-1)/(-3)). Let l(y) = -y**3 - 3*y**2 + 4*y + 6. What is the units digit of l(v)?
6
Suppose -6*c = 3*c - 540. What is the tens digit of c?
6
Let j(i) = -3. Let r(v) = -v + 7. Let b(g) = -5*j(g) - 2*r(g). Let p(c) = c + 1. Let q be p(1). What is the units digit of b(q)?
5
Let n(t) = t**2 - 6*t - 12. Let h be n(9). Suppose -4*k + h = -5*r - 187, 3*k + 5*r - 169 = 0. What is the units digit of k?
3
Let w(u) = 3*u**2 - 23*u + 37. What is the hundreds digit of w(14)?
3
Let n = -47 + 84. What is the units digit of n?
7
Let p(z) = z - 8. Let n be p(6). Let m be 2/(-1 - n/6). What is the units digit of 3/9 + (-17)/m?
6
Let z = 61 + 69. What is the tens digit of z?
3
Suppose -t = -3*z - 141, -z - 631 - 60 = -5*t. What is the units digit of t?
8
Suppose -3*b + 642 = -3*p, -449 = -5*b + 2*p + 633. What is the hundreds digit of b?
2
Let s = -4 - 2. Let l = -11 - s. What is the units digit of (-1)/l*30/6?
1
Let f be 4*(21/6 + -3). Suppose 0*r = f*r - 46. What is the units digit of r?
3
Suppose 0 = 5*q - 3*j - 80, -q + 3*j - j = -23. What is the units digit of q?
3
Suppose -9 + 50 = 2*f + 5*x, 0 = -5*x + 25. Let v = 11 - f. What is the units digit of v?
3
Let j(p) = -p**2 + 5*p + 6. Let i be j(6). Suppose i = 4*s - s. Suppose v - 1 = b, -2*b + s = -3*v + 4. What is the units digit of b?
1
Suppose 5*r + 4*j = 484, -r - 480 = -6*r - 5*j. Suppose 0 = -11*i + 7*i + r. What is the units digit of i?
5
Suppose -3*c + 0*c = 0. Suppose o - 2 - 27 = c. What is the tens digit of o?
2
Let p(h) be the first derivative of -3 - 1/3*h**3 + 12*h + 11/2*h**2. What is the units digit of p(11)?
2
Let o be (2 - -1) + 3 + -1. What is the units digit of ((-5)/(o/(-34)))/2?
7
Suppose -b + 110 = b. What is the units digit of b?
5
Let q(h) = -h**3 + 5*h**2 + 5*h + 3. Let y be q(-3). Suppose -4*o + y + 32 = -3*j, j + 24 = 3*o. What is the units digit of ((-2)/(-4))/((-2)/j)?
9
Let w(a) = a**2 - 4. Let x be 4/18 + (-43)/(-9). Let z be w(x). Suppose 5*d + 5*g - g = 18, z = 5*d + 3*g. What is the units digit of d?
6
Let m be -2*3*28/(-42). Suppose m*i = 45 + 95. What is the tens digit of i?
3
Suppose 0 = -5*m + 34 - 524. Let l = m + 139. What is the tens digit of l?
4
Let w be 4 + -2 + (-2 - 163). What is the tens digit of w/(-7) - (-2)/(-7)?
2
Let s = -5 + -7. Let a = s + 28. What is the tens digit of a?
1
Let l(u) = u**3 + 5*u**2 + 4*u + 4. Suppose -5*d - 15 = -4*i, -3*i - 15 = 5*d - 0*i. What is the tens digit of l(d)?
1
Suppose 3*p = -3*j - p + 619, 0 = 3*j - 2*p - 631. What is the units digit of j?
9
Suppose 0 = -6*o + o - u + 27, 4*u - 6 = -3*o. What is the units digit of o?
6
Suppose 3*x + 2 = 29. Let w = x + -3. What is the units digit of w?
6
Let m = 17 - 11. What is the tens digit of (-2)/m*(3 + -156)?
5
What is the units digit of 1*-2*(-732)/8?
3
Let k(y) = 9*y - 7. What is the units digit of k(6)?
7
Suppose 4*j - 405 = 5*m, 5*m = 4*j + m - 400. What is the tens digit of j?
9
Suppose -2*s + 58 + 72 = 0. What is the units digit of s?
5
Suppose 0 = 2*x - 0*x + 2. Let n be 6 + -6 - (-1)/x. What is the tens digit of n/2*(2 + -26)?
1
Suppose -5*n = -5 - 50. What is the tens digit of n?
1
Suppose -3*s - s + 32 = 0. Let z be 20/s*2/1. Suppose -o = -2*u - 10, -z*u + 4*u = -2*o + 17. What is the units digit of o?
8
Let u = 83 - 30. Let r = -17 + u. What is the tens digit of r?
3
Suppose 0 = 2*r + r - 147. What is the tens digit of r?
4
Let d(g) = 8*g**2 + 6*g. Let i(j) = -9*j**2 - 7*j. Let b(x) = 6*d(x) + 5*i(x). Let y(m) = -2*m**2 - 2*m - 1. Let w be y(-1). What is the units digit of b(w)?
2
Suppose 4*r - 2*g = 138, 2*g + 2*g = -4*r + 168. What is the tens digit of r?
3
Suppose 0 = -0*p - 4*p + 212. Suppose -6*t = -t - 35. Suppose t + p = 4*i. What is the units digit of i?
5
Suppose 4*o - 15 = 9. Let l be (-88)/12 - 4/o. What is the units digit of 58/7 + l/28?
8
Suppose -4*n - 9 = -3*b, -4*n + 9*n + 6 = 3*b. Let s = 40 - 20. Suppose -4*j + s = 4*t, 5*t + b = -0*j + 3*j. What is the units digit of j?
4
Let o(a) = 2*a**2 - 1. Let c be (-4)/6 + 16/6. Let q be o(c). Suppose q*x = 2*x + 15. What is the units digit of x?
3
Let w(b) be the second derivative of -b**3/3 - 3*b**2 + 2*b. Suppose -o = o + 5*n - 6, 16 = 4*n. What is the units digit of w(o)?
8
Let a(q) = q**2 + 5*q + 10. What is the units digit of a(-7)?
4
Let t = -31 + 137. What is the hundreds digit of t?
1
Let x = -8 + 12. Suppose 3 - 23 = 4*o, 0 = x*c + 4*o + 20. Suppose -3*p + 7 + 5 = c. What is the units digit of p?
4
Let v(l) = 6*l**2 - 11*l - 3. Let i(f) = 2*f**2 - 4*f - 1. Let a(d) = 8*i(d) - 3*v(d). Let k be a(-1). What is the units digit of ((-1)/(-3))/(k/(-54))?
9
Let x be ((-11)/(-2))/((-4)/24). Let p = -16 - x. What is the tens digit of p?
1
Suppose -3*o + r = o - 116, -2*r = -8. Suppose -3*d = -4*t - 18, 0 = 5*d - 7*t + 3*t - o. What is the units digit of d?
6
Let l(d) = d**3 + 12*d**2 + 19*d - 11. What is the tens digit of l(-9)?
6
Let q(f) = f**3 + 13*f**2 - 12*f - 23. What is the units digit of q(-13)?
3
Let h(t) 